{"id":52,"date":"2021-02-25T07:42:43","date_gmt":"2021-02-25T07:42:43","guid":{"rendered":"http:\/\/srubyrzymskie.pl\/?page_id=52"},"modified":"2021-02-25T11:41:22","modified_gmt":"2021-02-25T11:41:22","slug":"akcesoria-do-srub-rzymskich","status":"publish","type":"page","link":"http:\/\/srubyrzymskie.pl\/?page_id=52","title":{"rendered":"akcesoria do \u015brub rzymskich"},"content":{"rendered":"\n<p>w ofercie <a href=\"http:\/\/www.gargot.pl\" data-type=\"URL\" data-id=\"www.gargot.pl\">gargot.pl | techniczne zaopatrzenie przemys\u0142u <\/a> znajduje si\u0119 wiele ciekawych rozwi\u0105za\u0144, akcesorii i ko\u0144c\u00f3wek do \u015brub rzymskich w takich materia\u0142ach jak stal ocynkowana, stal nierdzewna A2-AISI 316 lub stal kwasoodporna A4-AISI 316 lub inaczej <a href=\"https:\/\/gargot.pl\/pl\/c\/INOX-Stal-nierdzewna-Niro\/47\">INOX<\/a>.<\/p>\n\n\n\n<p>Ko\u0144c\u00f3wki r\u00f3\u017cnego rodzaju stosowane s\u0105 m.in. w architekturze &#8211; <a href=\"https:\/\/gargot.pl\/pl\/c\/INOX-balustrady\/235\" data-type=\"URL\" data-id=\"https:\/\/gargot.pl\/pl\/c\/INOX-balustrady\/235\">balustrady<\/a> , w ogrodnictwie, w \u017ceglarstwie &#8211; <a href=\"https:\/\/gargot.pl\/pl\/c\/INOX-yachting\/236\" data-type=\"URL\" data-id=\"https:\/\/gargot.pl\/pl\/c\/INOX-yachting\/236\">yachting<\/a>, w zabezpieczeniu \u0142adunk\u00f3w i transporcie &#8211; <a href=\"https:\/\/gargot.pl\/pl\/c\/INOX-Naciagi%2C-klamry%2C-pasy-transportowe\/295\" data-type=\"URL\" data-id=\"https:\/\/gargot.pl\/pl\/c\/INOX-Naciagi%2C-klamry%2C-pasy-transportowe\/295\">zabezpieczenia \u0142adunk\u00f3w gargot.pl <\/a> czy w hydraulice.<\/p>\n\n\n\n<p><\/p>\n\n\n\n<p>Akcesoria mo\u017cemy podzieli\u0107 na nast\u0119puj\u0105ce grupy:<\/p>\n\n\n\n<ul><li>oczka<\/li><li>haki<\/li><li>wide\u0142ki<\/li><li>ko\u0144c\u00f3wki proste do przyspwania<\/li><li>ko\u0144c\u00f3wki proste do przykr\u0119cenia &#8211; gwint metryczny \/ gwint calowy<\/li><li>dwugwinty <\/li><li>terminale do lin<\/li><\/ul>\n","protected":false},"excerpt":{"rendered":"<p>w ofercie gargot.pl | techniczne zaopatrzenie przemys\u0142u znajduje si\u0119 wiele ciekawych rozwi\u0105za\u0144, akcesorii i ko\u0144c\u00f3wek do \u015brub rzymskich w takich materia\u0142ach jak stal ocynkowana, stal nierdzewna A2-AISI 316 lub stal kwasoodporna A4-AISI 316 lub inaczej INOX. Ko\u0144c\u00f3wki r\u00f3\u017cnego rodzaju stosowane s\u0105 m.in. w architekturze &#8211; balustrady , w ogrodnictwie, w \u017ceglarstwie &#8211; yachting, w zabezpieczeniu \u0142adunk\u00f3w i transporcie &#8211; zabezpieczenia \u0142adunk\u00f3w gargot.pl czy w hydraulice. Akcesoria mo\u017cemy podzieli\u0107 na nast\u0119puj\u0105ce grupy: oczka haki wide\u0142ki ko\u0144c\u00f3wki proste do przyspwania ko\u0144c\u00f3wki proste do przykr\u0119cenia &#8211; gwint metryczny \/ gwint calowy dwugwinty terminale do lin<\/p>\n","protected":false},"author":1,"featured_media":0,"parent":0,"menu_order":0,"comment_status":"closed","ping_status":"closed","template":"","meta":{"footnotes":""},"_links":{"self":[{"href":"http:\/\/srubyrzymskie.pl\/index.php?rest_route=\/wp\/v2\/pages\/52"}],"collection":[{"href":"http:\/\/srubyrzymskie.pl\/index.php?rest_route=\/wp\/v2\/pages"}],"about":[{"href":"http:\/\/srubyrzymskie.pl\/index.php?rest_route=\/wp\/v2\/types\/page"}],"author":[{"embeddable":true,"href":"http:\/\/srubyrzymskie.pl\/index.php?rest_route=\/wp\/v2\/users\/1"}],"replies":[{"embeddable":true,"href":"http:\/\/srubyrzymskie.pl\/index.php?rest_route=%2Fwp%2Fv2%2Fcomments&post=52"}],"version-history":[{"count":4,"href":"http:\/\/srubyrzymskie.pl\/index.php?rest_route=\/wp\/v2\/pages\/52\/revisions"}],"predecessor-version":[{"id":112,"href":"http:\/\/srubyrzymskie.pl\/index.php?rest_route=\/wp\/v2\/pages\/52\/revisions\/112"}],"wp:attachment":[{"href":"http:\/\/srubyrzymskie.pl\/index.php?rest_route=%2Fwp%2Fv2%2Fmedia&parent=52"}],"curies":[{"name":"wp","href":"https:\/\/api.w.org\/{rel}","templated":true}]}}